f 957?
5
What is the tens digit of 1299?
9
What is the tens digit of 20002?
0
What is the tens digit of 1222?
2
What is the units digit of 3979?
9
What is the tens digit of 8015?
1
What is the units digit of 3951?
1
What is the thousands digit of 1367?
1
What is the hundreds digit of 898?
8
What is the tens digit of 2489?
8
What is the hundreds digit of 16623?
6
What is the tens digit of 2197?
9
What is the tens digit of 4074?
7
What is the tens digit of 4928?
2
What is the hundreds digit of 478?
4
What is the thousands digit of 1357?
1
What is the thousands digit of 1234?
1
What is the hundreds digit of 7597?
5
What is the units digit of 18913?
3
What is the units digit of 1486?
6
What is the units digit of 11091?
1
What is the hundreds digit of 5145?
1
What is the tens digit of 1423?
2
What is the ten thousands digit of 22129?
2
What is the tens digit of 57730?
3
What is the thousands digit of 3801?
3
What is the tens digit of 23164?
6
What is the units digit of 16890?
0
What is the thousands digit of 12140?
2
What is the units digit of 5886?
6
What is the hundreds digit of 15656?
6
What is the ten thousands digit of 33666?
3
What is the thousands digit of 2537?
2
What is the thousands digit of 19438?
9
What is the units digit of 1679?
9
What is the units digit of 2936?
6
What is the tens digit of 1581?
8
What is the hundreds digit of 920?
9
What is the thousands digit of 4095?
4
What is the units digit of 195?
5
What is the units digit of 2633?
3
What is the hundreds digit of 17421?
4
What is the thousands digit of 56484?
6
What is the tens digit of 81886?
8
What is the ten thousands digit of 82535?
8
What is the thousands digit of 1502?
1
What is the hundred thousands digit of 135382?
1
What is the ten thousands digit of 13239?
1
What is the hundreds digit of 923?
9
What is the thousands digit of 7970?
7
What is the units digit of 84479?
9
What is the units digit of 801?
1
What is the hundreds digit of 49987?
9
What is the tens digit of 3991?
9
What is the thousands digit of 90402?
0
What is the ten thousands digit of 21235?
2
What is the hundreds digit of 3486?
4
What is the ten thousands digit of 30110?
3
What is the thousands digit of 7292?
7
What is the ten thousands digit of 168092?
6
What is the tens digit of 939?
3
What is the hundreds digit of 5491?
4
What is the hundreds digit of 29063?
0
What is the ten thousands digit of 107049?
0
What is the thousands digit of 2562?
2
What is the hundreds digit of 7598?
5
What is the hundreds digit of 26333?
3
What is the units digit of 129651?
1
What is the hundreds digit of 56159?
1
What is the tens digit of 92591?
9
What is the hundreds digit of 92534?
5
What is the tens digit of 7931?
3
What is the units digit of 4670?
0
What is the ten thousands digit of 53502?
5
What is the hundreds digit of 77545?
5
What is the tens digit of 15152?
5
What is the tens digit of 3196?
9
What is the tens digit of 3865?
6
What is the thousands digit of 23307?
3
What is the units digit of 7319?
9
What is the units digit of 74874?
4
What is the hundreds digit of 32859?
8
What is the hundred thousands digit of 127445?
1
What is the units digit of 554?
4
What is the units digit of 28764?
4
What is the units digit of 1031?
1
What is the thousands digit of 1576?
1
What is the hundreds digit of 60063?
0
What is the thousands digit of 1313?
1
What is the thousands digit of 6774?
6
What is the thousands digit of 9148?
9
What is the tens digit of 8384?
8
What is the units digit of 934?
4
What is the thousands digit of 8070?
8
What is the tens digit of 4251?
5
What is the tens digit of 4956?
5
What is the units digit of 4829?
9
What is the units digit of 2527?
7
What is the units digit of 42928?
8
What is the hundred thousands digit of 108221?
1
What is the tens digit of 28456?
5
What is the thousands digit of 90057?
0
What is the units digit of 414?
4
What is the ten thousands digit of 12513?
1
What is the ten thousands digit of 19029?
1
What is the hundreds digit of 5227?
2
What is the hundreds digit of 728?
7
What is the ten thousands digit of 10563?
1
What is the ten thousands digit of 20798?
2
What is the hundreds digit of 922?
9
What is the tens digit of 304?
0
What is the units digit of 43347?
7
What is the units digit of 613?
3
What is the thousands digit of 4095?
4
What is the units digit of 739?
9
What is the thousands digit of 25184?
5
What is the units digit of 2379?
9
What is the units digit of 63753?
3
What is the thousands digit of 26495?
6
What is the units digit of 4212?
2
What is the hundreds digit of 83291?
2
What is the units digit of 1857?
7
What is the tens digit of 15968?
6
What is the ten thousands digit of 66996?
6
What is the hundreds digit of 5215?
2
What is the hundreds digit of 3765?
7
What is the hundreds digit of 18914?
9
What is the tens digit of 2101?
0
What is the units digit of 38367?
7
What is the units digit of 58180?
0
What is the thousands digit of 3204?
3
What is the units digit of 3102?
2
What is the thousands digit of 14851?
4
What is the units digit of 863?
3
What is the units digit of 22845?
5
What is the hundreds digit of 7644?
6
What is the hundreds digit of 9183?
1
What is the ten thousands digit of 99283?
9
What is the hundreds digit of 943?
9
What is the tens digit of 56509?
0
What is the units digit of 1994?
4
What is the units digit of 2985?
5
What is the hundreds digit of 30015?
0
What is the thousands digit of 20675?
0
What is the tens digit of 263?
6
What is the thousands digit of 44806?
4
What is the hundreds digit of 477?
4
What is the hundreds digit of 116765?
7
What is the units digit of 9882?
2
What is the units digit of 6683?
3
What is the hundreds digit of 6070?
0
What is the thousands digit of 5391?
5
What is the hundreds digit of 7824?
8
What is the thousands digit of 1759?
1
What is the thousands digit of 1215?
1
What is the hundreds digit of 324?
3
What is the thousands digit of 2788?
2
What is the thousands digit of 148683?
8
What is the tens digit of 24525?
2
What is the thousands digit of 2913?
2
What is the thousands digit of 1059?
1
What is the hundreds digit of 205?
2
What is the tens digit of 7908?
0
What is the hundreds digit of 1246?
2
What is the units digit of 426?
6
What is the thousands digit of 8076?
8
What is the units digit of 144?
4
What is the hundreds digit of 40697?
6
What is the thousands digit of 6057?
6
What is the ten thousands digit of 35423?
3
What is the tens digit of 28228?
2
What is the thousands digit of 9746?
9
What is the ten thousands digit of 43375?
4
What is the units digit of 7592?
2
What is the tens digit of 15892?
9
What is the hundreds digit of 82826?
8
What is the thousands digit of 5058?
5
What is the tens digit of 506?
0
What is the units digit of 99?
9
What is the thousands digit of 1271?
1
What is the hundreds digit of 1562?
5
What is the thousands digit of 7033?
7
What is the hundreds digit of 1366?
3
What is the tens digit of 943?
4
What is the hundreds digit of 149162?
1
What is the tens digit of 22804?
0
What is the thousands digit of 49891?
9
What is the units digit of 58929?
9
What is the thousands digit of 59701?
9
What is the ten thousands digit of 22231?
2
What is the hundreds digit of 18698?
6
What is the thousands digit of 4250?
4
What is the ten thousands digit of 31295?
3
What is the units digit of 60159?
9
What is the ten thousands digit of 56299?
5
What is the units digit of 4486?
6
What is the hundreds digit of 2380?
3
What is the units digit of 24760?
0
What is the tens digit of 50937?
3
What is the units digit of 27236?
6
What is the hundreds digit of 16859?
8
What is the thousands digit of 130363?
0
What is the hundreds digit of 34685?
6
What is the hundreds digit of 3104?
1
What is the thousands digit of 5183?
5
What is the hundreds digit of 28016?
0
What is the tens digit of 55640?
4
What is the thousands digit of 2150?
2
What is the tens digit of 26319?
1
What is the units digit of 29716?
6
What is the tens digit of 253?
5
What is the thousands digit of 7779?
7
What is the hundred thousands digit of 129295?
1
What is the hundreds digit of 926?
9
What is the tens digit of 27635?
3
What is the hundreds digit of 6896?
8
What is the tens digit of 9353?
5
What is the hundreds digit of 1785?
